+ l - 2*l + n. Determine d(8).
-2
Let x = -18 - -9. Let q(l) be the second derivative of -l**4/12 - 7*l**3/6 + 11*l**2/2 - 10879*l. Give q(x).
-7
Let f(v) = -26*v + 64. Let s(l) = 12*l - 31. Let w(c) = -4*f(c) - 9*s(c). Give w(3).
11
Let p(j) = -91 + 28 + 33 + 35 + 12*j. Determine p(-2).
-19
Let l = 29 + 34. Let m = 75 - l. Let j(i) = 8*i + m*i**2 - 12*i**2 - 8*i**2 + i**3 - 3. What is j(7)?
4
Let l(c) be the third derivative of c**5/60 + 5*c**4/24 + c**3 - c**2 + c - 92. Let w(b) = -b**3 + 5*b**2 - 4*b - 5. Let s be w(4). Let i = s + 1. What is l(i)?
2
Let s(f) = f**2 - f + 3. Let u(m) = m**2 - 6*m - 36. Let l = -376 + 386. Let x be u(l). What is s(x)?
15
Let q(a) = -a**2 - 2*a - 2. Let g(b) = -4*b - 17*b + 24*b**2 + 5 + 6*b**3 - 48*b**2 - 8*b**3. Let d be g(-11). Determine q(d).
-26
Let m(q) be the first derivative of -13*q**2/2 + 91*q + 2141. Determine m(6).
13
Let f(o) = -o**3 + o**2 + 39*o - 1. Suppose 2*z = 26*y - 20 - 124, z - 6 = 0. Give f(y).
53
Suppose 2 - 10 = 4*z + 5*u, 2*z - 3*u + 26 = 0. Let s(q) be the third derivative of -q**6/120 - q**5/10 + q**4/6 - 5*q**3/6 + 2*q**2. Determine s(z).
16
Let s(c) be the first derivative of c**4/2 - c**2/2 - 240780. Suppose 4*j + 15 = -j, 30 = 4*o - 2*j. Suppose -5*q + o - 1 = 0. Calculate s(q).
1
Let g(j) = j - 1. Let b(d) = -5*d**2 + 140*d + 5. Let p be b(28). Let s be 2/(-4)*48/(p + -1). Give g(s).
-7
Let w be 3/(6/152) - (5 + -7). Let i(m) = -m + 164 - w + 4*m - 85. Suppose c + 2*h + 5 = 0, 5*c - 40 + 13 = 3*h. What is i(c)?
10
Let s(a) = -2*a**3 - 7*a + 1. Let r(j) = -5*j**3 - 2*j**2 - 16*j + 2. Let u(n) = 3*r(n) - 8*s(n). Calculate u(1).
1
Let r(j) = 0*j + 4*j - 2*j - 71 + 144 - 76. Suppose -70 = 19*k - 33*k. Calculate r(k).
7
Let p(c) = -12*c**2 + c + 2. Suppose -1 = u - 3*w, -3 = -122*u + 125*u + 2*w. What is p(u)?
-11
Suppose -2286*g - 30 = -2283*g. Let x(p) = p. Give x(g).
-10
Let l(t) = -5*t**2 - 16*t + 16. Let r(b) = b**2 + 4*b - 4. Let p(s) = -2*l(s) - 9*r(s). Let a be (7/(-2) - -1)/(34/(-68)). Give p(a).
9
Let f(s) = -s**3 + 2*s**2. Let m(b) be the third derivative of -11/24*b**4 + 15*b**2 - 5/3*b**3 + 1/60*b**5 + 0*b + 0. Let k be m(12). Calculate f(k).
0
Let o(k) be the second derivative of 0*k**4 + 4*k - 1/20*k**5 - 1/6*k**3 + 0 + 9/2*k**2. Let i = 2096 + -2096. Give o(i).
9
Let w(k) = 1752199*k**3 + 1 + 2*k**2 - 1752198*k**3 + 1 - 9*k - 11*k**2. What is w(10)?
12
Let l = 21 + 1743. Let v(b) = 7*b - 882 + l + 2*b**3 + 5*b**2 - 878. What is v(-2)?
-6
Let y(u) = u**2 + 48*u - 399. Let j be y(7). Let c(b) = -2*b + 2. What is c(j)?
30
Let v(z) = z**3 - 7*z**2 - z + 4. Let a be (-15)/6*7/((-105)/6). Suppose 63*h - a = 62*h. Let b be h + (6/8 - 21/(-4)). Calculate v(b).
-3
Let w(o) = 15*o + 497231*o**2 + 17 - 497232*o**2 + 8*o. Give w(21).
59
Let r(n) = 81*n + 563. Let s be (2 - -1)/((-2970)/6930). Give r(s).
-4
Let k(j) be the first derivative of -45 - 8*j - 3/2*j**2. What is k(-6)?
10
Suppose 2*b - 2*b - b = 0. Suppose -4 = -s - b. Let r(w) = -5*w + s*w - 6 - 3 + 2*w. What is r(6)?
-3
Let d(a) = a**2 - 6*a - 1. Suppose 17*h + 30 = 7*h. Let g be -9*(h + 42/18). Determine d(g).
-1
Let q(j) = -2*j - j**3 - 42 + 95*j**2 + 31 - 86*j**2 + 2*j + j. Suppose x - 9 = 2*l, 2*x = -2*x - 5*l + 36. Determine q(x).
-2
Let b be 174 + ((-3)/3 - -1)/2. Let u be (-2)/3*(-1305)/b. Let z(i) = i**2 - 5*i + 2. Calculate z(u).
2
Let c(x) = 64*x - 68*x - 14*x**2 - 30 + 15*x**2. Let r be c(7). Let j(k) = -k**3 - 8*k**2 + 5*k - 6. Determine j(r).
30
Let v = -6960 - -6963. Let o(t) = t**2 + 2 - 2 - 2 + 3. Calculate o(v).
10
Let h(q) = -q**2 - 2*q + 108 - 8*q - 108. Let d(a) = -a**2 + 3*a + 30. Let z be d(8). Determine h(z).
0
Let g(l) be the third derivative of -l**5/60 + 2*l**4/3 - 3*l**3 + 4*l**2 + 3*l - 2. What is g(15)?
-3
Let t(v) be the third derivative of -v**7/840 - v**5/120 + v**4/24 + 23*v**3/6 + 2*v**2 - 7*v. Let m(q) be the first derivative of t(q). Determine m(3).
-29
Let w = -243 - -247. Suppose b + 9 = -u - 2*u, -w*u = -b + 19. Let z(f) = f + 8. Give z(u).
4
Let f(z) be the second derivative of -z**2 + 1/6*z**3 - 64*z + 0. Give f(-8).
-10
Let w(z) = 32 + 179*z - 72*z - 117*z. Give w(7).
-38
Let j(q) = q**2 - 2*q - 3. Suppose -5*o + n + 4 = -24, 0 = -4*o - n + 17. Suppose -o = 10*p + 15. Calculate j(p).
5
Let n(y) = -2*y**2 + 12*y - 92. Let m(h) = 6*h**2 - 34*h + 252. Let u(s) = -4*m(s) - 11*n(s). Let w(g) = g + 1. Let j be w(3). Give u(j).
-12
Let o(g) = -g**3 - 9*g**2 + 11. Let s be o(-9). Let z(m) = -m**3 + 12*m**2 - 13*m - 14. Let u be z(s). Let r = u - -30. Let i(n) = -n + 1. Calculate i(r).
7
Let m = -1310 + 1307. Let u(p) = -p**2 + p + 8. What is u(m)?
-4
Let x(v) = -v - 5. Let d(s) = -s + 1. Let w(j) = 2*d(j) - x(j). Let a be w(2). Let p(o) = 2*o**3 + 4*o**3 + o - o**2 - a*o**3 + 0*o**2 + 1. Determine p(0).
1
Let z(c) = 22*c - c**2 - 7*c - 1 - 1 - 8*c. Suppose -5*d + 5*h = 0, 0 = -3*d + 4*h - 4 + 1. Suppose 4*y - d*x + 5 = 23, 22 = 3*y + 2*x. Calculate z(y).
4
Suppose 16*q + 7 = 17*q. Suppose 0 = 5*u - 3*a + 50, 3*u - q*a = -9*a - 11. Let x(f) = -f**2 - 5*f + 6. What is x(u)?
-8
Let f(k) = -3*k**3 - 60*k**2 + 16*k - 9. Let t(c) = c**3 - 5*c**2 + 3*c + 1. Let h(w) = f(w) - t(w). Determine h(-14).
4
Let z(b) = -42 + 9*b - 6*b - 5*b + 35. Calculate z(8).
-23
Let a(m) = 13*m**2 - 4*m**2 + 5*m**3 - 5*m - 4*m**3 - 2*m**3 - 12 - 5*m**2. Give a(5).
-62
Let m be (-5 + -11)*(-4)/16. Let b(j) = 5*j**2 - 3*j + 7. Calculate b(m).
75
Let l(z) = -2824*z**3 + 2823*z**3 - 11*z**2 - z**2 + 3 + 2*z**2. Suppose -5*a - 59 + 9 = 0. What is l(a)?
3
Let t(y) = -y**3 + 2*y + 2. Let i(x) = -3*x**2 - x. Let q(w) = -i(w) + t(w). Let l(d) = -3*d. Let f be l(-1). What is q(f)?
11
Let w = -3126 - -3125. Suppose x - 1 = -0. Let p(o) = 4*o + x - 2*o + 3*o**3 + 0. What is p(w)?
-4
Suppose -143*w + 158*w = 165. Let q(h) = -26 - 12*h + 11 + 2*h**2 + w*h**2 + h**3 - 4*h**2. Calculate q(-10).
5
Let v(w) = -2*w + 3*w - 8*w + 4*w + 6. Let q be -3 + (-32)/(-10) + 216/45. Calculate v(q).
-9
Let p(x) = -x**2 + 2*x + 0 - 8 - 11*x. Suppose 3*w = -4*n + 1 - 13, 3*w = -n - 12. Suppose -5*i = 3*d + 57, 3*i + n*d = -d - 31. What is p(i)?
-8
Let y(p) be the second derivative of p**7/2520 - 7*p**6/360 + 3*p**5/20 + 37*p**4/4 - 7*p + 3. Let s(o) be the third derivative of y(o). Determine s(13).
5
Let m = -368 + 400. Let l be (-44 + m)*(-2)/6. Let t(p) = -p**2 + p + 4. What is t(l)?
-8
Let x(u) = u**3 - 7*u**2 - 9*u + 5. Let z be ((-24)/(-156) - 20/(-39))*3. Suppose z*t = 4*c + 12, 3*t - 21 = 5*c - 2*c. Determine x(t).
-3
Let m(u) be the second derivative of u**4/12 + u**3/6 + 3*u**2/2 + u. Let l(o) = -o**3 + 6*o**2 - 5*o - 5. Let x be l(5). Let f be 3*(x/1)/5. Give m(f).
9
Let v(q) = 2*q**3 - 2*q**2 + 28*q. Let d be v(0). Let s(m) = -m**2 - 2*m - 3. What is s(d)?
-3
Let l(p) be the third derivative of -7*p**6/120 - p**5/30 - p**3/3 + 301*p**2 - 3. What is l(-2)?
46
Let c(u) be the third derivative of -u**6/120 + u**5/10 + 5*u**4/24 + 5*u**3/6 + u**2 + 540. What is c(7)?
-9
Let a(i) = -870*i + 442*i + 6 + 431*i. What is a(-5)?
-9
Let j(g) = g**2 - 41*g - 47. Let r be (7 + 29)*(-4)/(-6)*210/120. What is j(r)?
-5
Suppose p = 5*j + 9, 3*j + 19 = -5*p - 20. Let y(g) be the third derivative of g**6/120 + g**5/10 + g**4/8 + g**3/2 - 3*g**2 + 4762*g. What is y(p)?
-15
Suppose 83 + 115 = -6*m. Let l = m - -35. Suppose 4*y + 8 = -l*r, 2*r = -0*r + 3*y + 27. Let d(w) = -w + 10. Give d(r).
4
Let w(o) = -33*o**2 - 4*o - 8. Let g(r) = -74*r**2 - 9*r - 16. Let i(b) = -5*g(b) + 11*w(b). Give i(-4).
100
Let l(x) = x**2 + x + 5. Let o(w) = -9 + 0*w + 2*w + 0*w - 3*w. Let i(s) = s**3 - 3*s**2 - 2*s - 3. Let z be i(3). Let q be o(z). Calculate l(q).
5
Let q(m) = -m - 13. Let c = 21354 + -21357. Give q(c).
-10
Let i(k) = -k**2 - 6*k - 2. Suppose 1 = 6*a + 73. Let x(n) = -n**3 - 10*n**2 + 26*n + 18. Let r be x(a). What is i(r)?
-2
Suppose 7*d = -2*d + 4*d. Suppose d = 3*a - 5*m - 97, 49 = -3*a + 4*a - 5*m. Let l(v) = v**2 - a*v - 6 + 24*v. Give l(-5).
19
Let v(d) = -d**2 + 3*d - 6. Let s(p) = 19 + 15 + 4*p**2 + 16 - 46 + p**3. Let m be s(-3). Suppose -m*i + 37 = -15. Give v(i).
-10
Let c(a) = 14*a**3 - 2*a**3 - 331*a**2 - 7*a**3 - 4*a**3 + 14 + 22*a + 340*a**2. Give c(-4).
6
Suppose -7*z + 5*y - 11 = -4*z, z + 6 = 4*y. Let h(x) = -x**3 + 2*x**2 + 2*x + 5.